, 886867
List the prime factors of 460117948.
2, 97, 1185871
What are the prime factors of 656107403?
7, 79, 169493
List the prime factors of 1994644760.
2, 5, 49866119
What are the prime factors of 860325687?
3, 13, 29, 227, 1117
What are the prime factors of 2049930897?
3, 7, 47, 337, 6163
List the prime factors of 251509615.
5, 7, 7185989
List the prime factors of 388828011.
3, 11, 13, 523, 1733
What are the prime factors of 7140007822?
2, 3570003911
What are the prime factors of 481484089?
481484089
What are the prime factors of 6450938?
2, 13, 47, 5279
What are the prime factors of 62316219?
3, 7, 19, 47, 3323
List the prime factors of 99292044.
2, 3, 59, 2377
List the prime factors of 429850997.
429850997
What are the prime factors of 2124099151?
23, 149, 619813
What are the prime factors of 72173946?
2, 3, 13, 925307
What are the prime factors of 410084677?
89, 4607693
List the prime factors of 50826162.
2, 3, 127, 66701
What are the prime factors of 854433840?
2, 3, 5, 13, 273857
What are the prime factors of 84452868?
2, 3, 277, 941
List the prime factors of 99044797.
607, 163171
List the prime factors of 307103098.
2, 29, 1787, 2963
List the prime factors of 66315934.
2, 33157967
What are the prime factors of 33089560?
2, 5, 7, 59, 2003
What are the prime factors of 1691770823?
41, 83, 497141
List the prime factors of 2692284023.
11, 13, 241, 78121
What are the prime factors of 73659860?
2, 5, 43, 97, 883
What are the prime factors of 49486046?
2, 24743023
What are the prime factors of 469854236?
2, 179, 656221
What are the prime factors of 107253972?
2, 3, 7, 37, 11503
List the prime factors of 231092219.
5297, 43627
List the prime factors of 2018838285.
3, 5, 79, 503, 1129
List the prime factors of 5041506516.
2, 3, 521, 806383
List the prime factors of 25762109.
3917, 6577
What are the prime factors of 111157914?
2, 3, 7, 47, 56311
List the prime factors of 13524060.
2, 3, 5, 11, 31, 661
What are the prime factors of 4787473?
23, 163, 1277
List the prime factors of 256460774.
2, 128230387
List the prime factors of 41815974.
2, 3, 1823, 3823
What are the prime factors of 109578162?
2, 3, 2539, 7193
What are the prime factors of 2223528?
2, 3, 92647
What are the prime factors of 443985429?
3, 229, 646267
What are the prime factors of 310000740?
2, 3, 5, 7, 79, 9343
List the prime factors of 426885567.
3, 167, 739, 1153
List the prime factors of 6747531503.
19, 18691223
List the prime factors of 200292054.
2, 3, 31, 971, 1109
What are the prime factors of 2111092044?
2, 3, 47, 127, 29473
What are the prime factors of 4290371929?
4871, 880799
List the prime factors of 2572959228.
2, 3, 7, 29, 150889
List the prime factors of 83532163.
11, 13, 584141
What are the prime factors of 674695135?
5, 134939027
What are the prime factors of 35814574?
2, 281, 63727
What are the prime factors of 1002807401?
1002807401
What are the prime factors of 2952813869?
47, 521, 120587
What are the prime factors of 1783808870?
2, 5, 13313, 13399
List the prime factors of 766410053.
3253, 235601
What are the prime factors of 19350354?
2, 3, 617, 5227
What are the prime factors of 23320558?
2, 439, 26561
List the prime factors of 100390726.
2, 4889, 10267
List the prime factors of 42460637.
131, 191, 1697
What are the prime factors of 12805757?
12805757
List the prime factors of 191205463.
23, 361447
What are the prime factors of 419324107?
7159, 58573
What are the prime factors of 187097777?
2267, 82531
List the prime factors of 207277143.
3, 113, 269, 2273
What are the prime factors of 52308701?
5381, 9721
What are the prime factors of 198470376?
2, 3, 13, 17, 12473
What are the prime factors of 17094167?
19, 899693
What are the prime factors of 542497766?
2, 19, 61, 227, 1031
What are the prime factors of 28653191?
7, 83537
What are the prime factors of 47928548?
2, 601, 19937
List the prime factors of 50520131.
4289, 11779
List the prime factors of 5400561.
3, 23, 41, 83
What are the prime factors of 171330506?
2, 197, 434849
List the prime factors of 49844487.
3, 7, 11, 47, 4591
What are the prime factors of 3350354995?
5, 13, 37, 1393079
What are the prime factors of 810488871?
3, 19, 541, 8761
List the prime factors of 31606919.
31606919
List the prime factors of 4615775.
5, 184631
List the prime factors of 33002144.
2, 7, 147331
What are the prime factors of 21275731?
21275731
What are the prime factors of 149428551?
3, 49809517
What are the prime factors of 4579338636?
2, 3, 127203851
List the prime factors of 349438514.
2, 47, 3717431
List the prime factors of 62665458.
2, 3, 19, 181, 3037
List the prime factors of 81644123.
11, 47, 67, 2357
List the prime factors of 83742943.
83742943
List the prime factors of 12623703.
3, 4207901
What are the prime factors of 4375544665?
5, 47, 18619339
List the prime factors of 73831124.
2, 18457781
List the prime factors of 7522749422.
2, 59443, 63277
List the prime factors of 314198041.
19, 67, 246817
What are the prime factors of 348930955?
5, 69786191
What are the prime factors of 19858684?
2, 277, 17923
What are the prime factors of 267776034?
2, 3, 53, 842063
What are the prime factors of 166727192?
2, 2579, 8081
List the prime factors of 106719344.
2, 6669959
List the prime factors of 220496317.
47, 179, 26209
What are the prime factors of 4437298274?
2, 31, 71569327
List the prime factors of 215799757.
43, 59, 85061
What are the prime factors of 303502823?
13, 37, 157, 4019
What are the prime factors of 52847092?
2, 829, 15937
What are the prime factors of 39643487?
13, 1427, 2137
What are the prime factors of 112203373?
257, 331, 1319
What are the prime factors of 1481271802?
2, 29, 880661
List the prime factors of 1417846.
2, 708923
List the prime factors of 3439116.
2, 3, 95531
What are the prime factors of 125522338?
2, 53, 1184173
List the prime factors of 151123030.
2, 5, 17, 888959
List the prime factors of 1994841151.
613, 3254227
List the prime factors of 23943076.
2, 521, 11489
List the prime factors of 14065593.
3, 2111, 2221
List the prime factors of 13382375.
5, 151, 709
List the prime factors of 610492246.
2, 7, 13, 641, 5233
What are the prime factors of 1335153102?
2, 3, 139, 523, 3061
List the prime factors of 50036445.
3, 5, 1111921
What are the prime factors of 995634622?
2, 137, 3633703
What are the prime factors of 3402798?
2, 3, 7, 81019
What are the prime factors of 66572467?
13, 5120959
What are the prime factors of 62408778?
2, 3, 829, 12547
List the prime factors of 1218990796.
2, 11839, 25741
List the prime factors of 45989892.
2, 3, 13, 98269
What are the prime factors of 40192837?
6007, 6691
What are the prime factors of 317542223?
317542223
What are the prime factors of 2415399508?
2, 17, 179, 198439
List the prime factors of 852807198.
2, 3, 47, 163, 18553
List the prime factors of 839505117.
3, 11, 47, 541267
List the prime factors of 139687971.
3, 46562657
List the prime factors of 15859491.
3, 29, 421, 433
List the prime factors of 15606282.
2, 3, 23, 113089
List the prime factors of 116195169.
3, 38731723
What are the prime factors of 103133078?
2, 79, 652741
List the prime factors of 139351937.
83, 251, 6689
What are the prime factors of 1806809339?
1806809339
List the prime factors of 31932439.
7, 11, 414707
What are the prime factors of 436351250?
2, 5, 349081
What are the prime factors of 159266576?
2, 7, 1422023
What are the prime factors of 296416898?
2, 148208449
List the prime factors of 3031494.
2, 3, 53, 9533
List the prime factors of 1269272135.
5, 23, 11037149
What are the prime factors of 169270530?
2, 3, 5, 11, 13, 17, 211
List the prime factors of 927422469.
3, 103046941
What are the prime factors of 1740173536?
2, 29, 43, 43609
List the prime factors of 262206191.
13, 20169707
What are the prime factors of 1189201?
13, 17, 5381
List the prime factors of 583606415.
5, 7, 479, 4973
What are the prime factors of 17486235?
3, 5, 13, 71, 421
What are the prime factors of 164249545?
5, 32849909
List the prime factors of 120777407.
53, 257, 8867
List the prime factors of 72517366.
2, 36258683
What are the prime factors of 1335848240?
2, 5, 16698103
List the prime factors of 621562375.
5, 7, 479, 1483
What are the prime factors of 3393560992?
2, 106048781
W